10*i - 33. Let t be g(6). Suppose 7 = -4*a - 1. Let r be (-19)/a + 1/(-2). Calculate the highest common factor of t and r.
9
Suppose 0 = -c - 50 + 60. Let w = 554 - 154. Suppose 5*y - w + 0 = 0. Calculate the greatest common factor of y and c.
10
Suppose -2*r + 3*p = r - 162, -2*p = 6. Calculate the highest common factor of 34 and r.
17
Let g(c) = -3*c**2 - c - 6. Let o(w) = 10*w**2 + 2*w + 19. Let t(r) = -7*g(r) - 2*o(r). Let u be t(-8). What is the highest common divisor of 4 and u?
4
Suppose -4*f - 2 = -3*f. Let t be (-1 - 1 - f)/(-1). Suppose t = -j - 0 + 10. What is the highest common factor of j and 4?
2
Let l(x) = 1 - 1 - 3*x + 0*x. Let c be l(-3). Calculate the greatest common divisor of c and 6.
3
Let w(a) be the first derivative of a**2/2 - 2*a - 4. Let l be w(8). Calculate the greatest common divisor of 2 and l.
2
Let y(z) = z**2 - 6*z + 10. Let p be y(7). Let a = -16 + p. Let t = -1 + 2. What is the highest common factor of a and t?
1
Suppose -5*q = -4*i + 1276, -948 = -5*i - 5*q + 647. Calculate the highest common divisor of i and 29.
29
Let u be 255*(1 + (-8)/12). Suppose -b - b + f = -u, 140 = 4*b + 4*f. What is the highest common factor of 20 and b?
20
Let n(i) = -50*i**2 + 2*i + 3. Let b be n(-2). Let u = b + 282. What is the highest common factor of u and 27?
27
Let p(u) = -31*u - 1. Let t be p(-1). Suppose 5*r = 0, 2*a + r + 60 = 7*a. What is the greatest common factor of a and t?
6
Suppose b + 0*b - 20 = 0. Calculate the greatest common divisor of b and 80.
20
Let j = -5 - -24. Let t = j + -10. Let w be -1 + 2 + t + 0. What is the highest common divisor of w and 5?
5
Let o(z) = 32*z - 11. Let v be o(2). Calculate the greatest common divisor of 212 and v.
53
Let k(o) = o - 11. Let b be k(6). Let d(w) = 3*w - 4*w + 8*w + 5 - 3*w**2 - w**3. Let v be d(b). What is the highest common factor of 40 and v?
20
Suppose -2*j + 25 = -4*m - 37, 0 = 5*j + 2*m - 203. Suppose -3*n + 4*x - 1 = -45, -3*n + j = -3*x. Calculate the greatest common divisor of n and 32.
8
Let v = 112 - 72. Let p = 46 + -26. What is the highest common factor of v and p?
20
Let y = 89 - 44. Calculate the highest common divisor of y and 30.
15
Let h = 37 + -31. Suppose -3*k + 7*k = 120. Calculate the highest common divisor of h and k.
6
Let j(u) = -2*u**2 + 9*u - 9. Let n be j(6). Let i = -12 - n. Calculate the greatest common factor of 105 and i.
15
Let q be 10/4*8/(-4). Let u(m) = -m - 3. Let j be u(q). What is the highest common divisor of j and 10?
2
Let l = -4 - -6. Suppose 0*w - l*w + 18 = 0. What is the greatest common factor of 63 and w?
9
Let c = -55 - -89. Calculate the highest common factor of c and 85.
17
Let r(m) = 4*m**3 - m**2 + m - 1. Let y be r(1). Let c = -2 + 5. What is the highest common divisor of y and c?
3
Let k(j) = -4*j + 4. Let z be k(-6). Let h = 43 - z. Let w(g) = g + 30. Let t be w(0). Calculate the greatest common divisor of h and t.
15
Let x = -22 - -38. Suppose 2*m + 7 = 21. Let q = x - m. Calculate the greatest common divisor of 99 and q.
9
Suppose 5*d = 117 - 17. Calculate the highest common divisor of d and 100.
20
Suppose 0 = -2*c - 2*c + 5*i + 45, -2*c + 5*i + 25 = 0. Calculate the greatest common factor of c and 4.
2
Let w(l) = -3*l + 12. Let z(h) = 6*h - 23. Let d(b) = 11*w(b) + 6*z(b). Let s be d(6). Calculate the greatest common divisor of s and 24.
12
Let w(d) = d**3 - d**2 - d + 9. Let h be w(0). What is the greatest common divisor of h and 9?
9
Suppose -4*u - u = -30. Suppose -3*a - 5*d + 85 = -108, 0 = 2*a + 5*d - 127. What is the highest common divisor of u and a?
6
Let f(d) = 3*d - 4 + 0 - 4*d. Let v be f(-7). Let i = 11 + v. What is the greatest common factor of 14 and i?
14
Suppose 3*w - 52 = -5*p, -w + 2*p + 2 = 3. Calculate the highest common factor of w and 15.
3
Let c(r) = r**2 + 7*r + 4. Let w = 5 + -2. Suppose w*m + m = -32. Let n be c(m). What is the highest common factor of 96 and n?
12
Let c = 41 + 29. What is the highest common factor of c and 28?
14
Let u be (-50)/18 - (-4)/(-18). Let n(h) = -5*h**2 - 4*h - 2*h**3 + 2*h + 4 - 3. Let z be n(u). Calculate the highest common factor of 40 and z.
8
Suppose 0 = s - 4*h - 14, 2*h + 1 = -2*s - 1. Suppose -i + 6 + 14 = 0. Calculate the highest common factor of s and i.
2
Let j(b) = b**2 + 4*b + 3. Let r be j(-6). Let d = 272 - 137. What is the highest common divisor of r and d?
15
Let d(o) = o**2 - 2*o - 5. Let j be d(-5). Let w = j - 6. Let p = 4 - 0. Calculate the highest common divisor of p and w.
4
Suppose 4*l - 3*z - 36 + 4 = 0, -3*l + 24 = z. What is the highest common factor of 56 and l?
8
Let s(j) = -j**3 - 4*j**2 + 4*j - 5. Let w be s(-6). Let l = w - 29. Calculate the highest common factor of 7 and l.
7
Suppose -3 = -3*u + 3. Suppose -u*r = 5 - 21. Let m = 276 + -188. Calculate the greatest common divisor of r and m.
8
Let w be 65 - (-2 - (1 - 2)). Let j = 6 - -5. Calculate the greatest common factor of w and j.
11
Suppose 0 + 4 = c. Suppose 0 = 5*x - 10, -4*k + 5*k + x - 2 = 0. Suppose -5*o + k*o + 80 = 0. Calculate the greatest common divisor of o and c.
4
Suppose 0 + 9 = 3*g. Suppose -r + 2*u = -13, -4*r = r - u - 20. Suppose -r*v + 36 = -0*v. What is the highest common divisor of g and v?
3
Suppose 5*b + 5*q - 110 = 0, -2*b - 76 = -5*b - q. What is the greatest common factor of b and 81?
27
Let p = 70 - 40. Let g = 0 - -5. Let j be ((-2)/g)/(1/(-15)). Calculate the highest common divisor of p and j.
6
Let i(r) be the third derivative of r**4/24 - 7*r**3/6 + 2*r**2. Let q be i(8). What is the highest common factor of 5 and q?
1
Suppose -196 = -2*t - 4*n, -5*t = -0*t - 3*n - 451. Suppose 3*b = t - 20. Calculate the greatest common factor of 12 and b.
12
Let u = 36 - 22. Calculate the highest common divisor of 21 and u.
7
Let m = 55 - 30. Suppose 5*v = -u + 19, v + 13 = 3*u + u. Let d be ((-10)/(-6))/1*v. Calculate the highest common factor of d and m.
5
Let z(u) = -5 - u + 1 + 11*u**2 + 4*u. Let k(q) = -q**3 - 7*q**2 + 7*q - 5. Let b be k(-8). Let t be z(b). Calculate the greatest common divisor of t and 13.
13
Let b = 20 - 10. Let s(u) = 4*u**2 + 3*u - 5. Let c be s(5). What is the greatest common factor of b and c?
10
Let s(a) = -a**3 + 5*a**2 - 5*a + 4. Let z be s(4). Suppose -4*n + z*n + 36 = 0. Let m be (1 - -47)*(-6)/(-8). Calculate the greatest common divisor of m and n.
9
Let o(b) = -b**3 + 9*b**2 + b - 4. Let d be o(9). Let h = -58 - -113. Calculate the greatest common divisor of h and d.
5
Let c = -20 - -64. What is the greatest common factor of c and 4?
4
Let k be 120/55 - (-2)/(-11). Suppose i - k*i = -24. Let l be -30*(i/9 + -3). What is the greatest common factor of 10 and l?
10
Let w = -9 + 13. Suppose 0 = w*k - 2*s - 137 - 835, -2*s - 246 = -k. Suppose 0 = -3*c + c + k. Calculate the highest common factor of 11 and c.
11
Let y be 33 - ((-18)/10 + (-4)/20). Calculate the highest common factor of y and 5.
5
Suppose 0 = -0*m + 4*m - 8. Suppose -2*r = -r - m. Let p(s) = 2*s**3 - s**2 - s + 1. Let b be p(r). Calculate the greatest common factor of b and 77.
11
Suppose 2*m - 126 = 4*s, 0 = -2*m + 2*s + 50 + 66. Let f = m + -32. What is the highest common factor of f and 3?
3
Let h(j) = -j + 7. Let k be h(5). Let z = -7 + 5. Let w be 4 + z + (5 - -1). Calculate the highest common divisor of w and k.
2
Let c(l) = -l**3 - l**2 - 6*l - 4. Let r be c(-5). What is the greatest common divisor of 18 and r?
18
Let y be -4*-5*3/12. Suppose y*f - 39 = -9. What is the highest common factor of 4 and f?
2
Let k(i) = i**3 - 3*i**2 - i - 4. Suppose r = -0*r + 4. Let l be k(r). Let h = -4 + 6. Calculate the highest common factor of h and l.
2
Let k = -12 - -12. Suppose -5*b + k + 65 = 0. Calculate the highest common factor of 13 and b.
13
Suppose 0 = -6*o + 26 + 64. What is the greatest common divisor of 15 and o?
15
Let d = -19 - -25. What is the greatest common divisor of d and 24?
6
Suppose -5*f + 8*f - 60 = 0. Calculate the greatest common divisor of 160 and f.
20
Suppose -4*y + 20 = 0, 0 = -5*p + 4*y + 41 + 14. What is the highest common factor of 6 and p?
3
Let d(n) = -4*n + 11 - n - 8*n. Let m be d(-8). Calculate the highest common factor of 23 and m.
23
Suppose -2*r = -6*r. Let x(i) = -i**3 - i**2 - i + 3. Let l be x(r). What is the highest common